he value of -4 + -8 - -7 - 1 - ((-25 - -22) + 52)?
-55
11 - (8 + (-28 - -11) + (-30 - (-4 - -5)))
51
(44 - (-25 + -7)) + -48
28
Evaluate -7 + (-37 - -36) + (0 - 6) + 7.
-7
8 + (-33 - 15) + 0
-40
Evaluate (5 - 13) + (24 - (-21 + 34)).
3
What is 29 + 2 + 8 + (-36 - -40)?
43
Calculate (1 - 2) + -55 + -31 + 85.
-2
Evaluate (30 - (7 + 5)) + (-62 - -158).
114
Calculate (42 - 56) + 94 - 7.
73
What is the value of 0 + 119 + -198 - 17?
-96
Calculate -97 - (-17 + 6 + -111).
25
(-76 + 0 + -2 - -2) + (233 - (-117 + 356))
-82
What is -373 - -363 - (2 - 52)?
40
Calculate 3 - (-62 - (-5 + -1 - (-53 + 37))).
75
What is the value of 8 + 5 + (14 - 34) - -21?
14
What is the value of (-35 + -25 - -25) + -7 + 3?
-39
What is the value of (2 - 29) + (104 - 79) + -22 + -11?
-35
What is -60 - (3 + (-159 - -105))?
-9
-9 + 13 + -33 + 27 - 64
-66
What is the value of 0 + (-29 - -11 - -3) + 25 + 3 + -141?
-128
What is the value of 3 - (9 + 1 + -34 - -17)?
10
What is the value of -5 - (419 + -409 + -76 + -2 + (11 - 9))?
61
What is 11 + 13 + -12 + 8 + -6 + -16?
-2
(-1 - -6 - (-21 + (-25 - -101))) + 1
-49
20 + -24 + -7 - ((0 - -2) + -15)
2
What is -17 - (-5 + (-18 - (-9 - -6)))?
3
Evaluate 16 + -2 + 102 + (27 - 17 - 17).
109
1 + -1 + -11 - (59 - (21 + -13 - -2))
-60
Evaluate 95 + -94 + -40 + -74.
-113
What is -5 + (16 + 7 - (147 + -114)) + (84 - 0)?
69
Evaluate -63 + (11 - -1) + -24 + 24 + 6.
-45
What is the value of -1 + (1 - 15 - (-77 + 63)) - -98?
97
What is the value of -13 - ((14 - 13 - -10) + -9 + -5 + -103)?
93
(109 - 6) + -74 - (12 - 0)
17
(-94 - 1) + (-3672 - -3630)
-137
Calculate 4 + -8 + 22 + -379 + 331.
-30
What is -89 - 1 - (-28 + 0 - (-3 - 5))?
-70
-72 + 210 + 105 + -183
60
What is the value of -15 - (83 - (12 - -27))?
-59
66 + 54 + (66 - 146)
40
Evaluate 3 + 0 + -2 - (-7694 - -7701).
-6
125 - (393 + -100 - 59)
-109
What is 23 - (-42 + 63) - 42 - -37?
-3
Calculate -282 + 203 + (5 - -13).
-61
What is 113 + -200 + 123 - (-1 - -1 - -2)?
34
Evaluate (5 - -37) + -55 - -67.
54
1 - -12 - (13 + -47 + (-4 - 4) + 35)
20
Evaluate -11 - ((9 - 15 - (52 + (12 - 7))) + 9).
43
Calculate -512 - -623 - (15 + -1).
97
Calculate -42 - ((24 - 35) + 16 + -97).
50
What is (-6 - 4) + 48 - (437 - 457)?
58
Calculate -4537 - -4433 - (1 - -21 - (13 + -13)).
-126
(7 - (-7 - -17)) + (-6 - -39)
30
Evaluate 54 + -37 + 36 + 11 + 31.
95
What is the value of -10 + (-7 - (90 - 50))?
-57
Evaluate 1 - 10 - (-7 + (31 + -25 - (0 - -12))).
4
What is (10 - 73) + 224 + -206?
-45
(-31 - (-73 + -43)) + (2 - (0 + 1))
86
Calculate ((-6 + -1 - (-74 - -65)) + -6 - 19) + 6.
-17
Calculate -18 - (-17 + -137 + -3 + 7 + 3).
129
What is 0 + (-76 - 1) + -2 + 89 + 133 + -230?
-87
What is the value of -617 + 591 + -1 + -12?
-39
44 + (-8 - (-7 + -11 + (18 - 22)))
58
22 + -12 + (-23 - -8) + 27
22
-36 - -59 - 39 - (-74 + -6)
64
Calculate 9 - (15 + (109 - 90) + -108 + -1).
84
Evaluate -2 + 2 + (1 - 1) + (-7 - (37 + -29)).
-15
What is the value of (7 - -4) + 72 + -106 + -10?
-33
Evaluate (-22 - -49 - 11) + (3 - -5 - (6 - 4)).
22
What is (-1 - -4) + (36 + -5 - 50 - (-8 + -16))?
8
-27 + -27 - -1 - -95
42
0 + 14 + (1 - 0) + -149 + 137 - -68
71
What is the value of 5 + 2 + 5 - (-82 + 84)?
10
Evaluate 33 - (162 + -42) - -51.
-36
What is the value of 22 + (-15 - -15 - 19) + 26?
29
-48 + (-2 - -3 - -20 - (-45 + -8 + 63))
-37
Evaluate (2 - 3) + (94 - (35 - 47 - -24)).
81
Calculate (-25 - 11) + 37 + -43.
-42
Calculate 7 - (1 - -39 - (12 - (20 + -12))).
-29
Evaluate -18 + (18 - (27 + -26 + -27)).
26
Calculate 5 - (17 - -3 - ((156 - 11) + -55)).
75
Calculate 70 + -54 + (-27 + 39 - (-1 + 8)).
21
Calculate -11 - ((-2 - 5) + -10 + (-10 - -10)) - -67.
73
What is -19 + 40 + (42 - 29)?
34
What is (-26 - -7 - -20) + -11 + (-4 + 8 - 5)?
-11
What is 77 - (-264 + 286 + (-3 - -1))?
57
Evaluate 90 - (-1 + -2) - (85 - (91 + 4)).
103
Calculate (-4 - 1) + -14 - ((1 - -23) + -17).
-26
What is -15 - (14 + 5 + 1 + 294 + -266)?
-63
What is the value of (38 - 109) + (14 + -5 - 3) + -5 + 2?
-68
Evaluate -1 + 104 - ((9 - 24) + (-17 + 19 - -25)).
91
What is (-1 - 67) + -15 + 152 + -121?
-52
What is (-249 - -256) + 24 + -25 + 104 + 1 + 3?
114
-2 + -38 + 11 + (-12 - ((16 - 7) + -10))
-40
What is 64 + 7 + -1 + 15 + (-9 - -2)?
78
Calculate (87 - 14) + (-36 - 5) + 19.
51
What is -5 + 3 - -1 - (-114 + 91 - (-2 - -11))?
31
18 - 71 - (-13 - (-7 + 8 - 8))
-47
-10 + -245 - -308 - (7 + 0 - -2)
44
What is the value of -26 - -18 - (-2 - -1) - -3 - (69 + -5)?
-68
Evaluate -3 + -6 - (-1931 - -1859).
63
-430 + 464 - (3 + -15) - 122
-76
What is the value of (28 + 45 + -73 - (2 + 10)) + 53?
41
(69 - (51 + 67 + -60)) + -12 + 1
0
Evaluate -13 - ((14 - 30) + 2 + -5 + 9).
-3
-41 - (-36 + 41 + -25) - (2 + (0 - 4))
-19
Evaluate (10 + (-9 - 4) - 8) + 33.
22
What is the value of -32 - 3 - (-25 + 176 - 170)?
-16
What is the value of -1 - (5 + 2 + (133 - 130) + 20)?
-31
Calculate -69 + (-4 - (-2 + -14) - (-320 + 323)).
-60
Evaluate 10 - -1 - (-29 + 2 + -3 + 23).
18
0 + (-4 - (-7 - (-15 + 6))) + (-4 - -43)
33
Evaluate -41 - (-9 - (5 - 13) - 1) - -8.
-31
Evaluate 90 - (196 + -92 + -50).
36
What is the value of (1 - 6 - (-68 + 148 + -61)) + -2 + -14?
-40
Evaluate (13 - -86) + (-93 - -41).
47
Calculate 107 + (8 - (23 + (3 - (-16 + 41)))).
114
-26 + -13 + 60 + -27 + -36 + -2
-44
Evaluate 30 - (-128 - -116) - (-84 - -4).
122
Calculate -18 - (-1 - (1 - 0)) - (-80 + -60 + 97).
27
Evaluate -313 + 258 + 165 + -266.
-156
Calculate -29 + (-2 + 1 - 0) + (18 + -100 - -78).
-34
-25 + 20 + -1 + 69 + -110
-47
What is (0 - (0 + -1)) + -52 - (-2183 - -2167)?
-35
Evaluate -14 + -34 + (-63 - -108).
-3
(-44 - -21 - (-45 + 20)) + -26
-24
What is 9 + (5 - (8 - -3)) + (-2 - 1) + -3?
-3
What is -57 + 38 + (-2 + 14 - -60)?
53
Calculate (-7 - 6) + -5 + -6 + -24.
-48
What is the value of (30 - -3) + -3 - (19 - (-38 - (-12 - 36)))?
21
Calculate (-47 - -24 - -41) + -101 + 31.
-52
Evaluate (-1 - 68) + (-5 - 0 - (-76 + 3 + 66)).
-67
(34 - 3 - (-117 + 181)) + 146
113
3 - (-3 - 4) - (34 - (60 - 31)) - 7
-2
What is the value of 90 + -89 + (5 - -9) + 5?
20
What is -48 + (6 - (-44 - -37))?
-35
Calculate -17 + (15 - (-109 + 13)) + -27.
67
1 - ((-11 - -28) + (-8 + -9 - -12))
-11
Evaluate 37 - -1 - (-12013 + 11899).
152
Evaluate 1 + -51 - (11 - (-2 + 45 + -23)) - 5.
-46
What is (93 + -42 - 75) + 90?
66
What is (-152 - -148) + -10 + -9?
-23
Calculate 10 + 17 - 15 - (-12 - -2) - 10.
12
Calculate (0 - -5) + 1 + (-19 - (-8 + 109 + -46)).
-68
-4809 - -4802 - (77 - (0 + -3))
-87
Evaluate -15 - ((-3 - 1) + (221 - 221)).
-11
Evaluate -3 + 5 + 0 + 8 - 8.
2
Evaluate (-25 - 100) + (-394 - -402).
-117
What is 158 + (227 - 371) - (0 + -34)?
48
Calculate 26 - (8 + -22 + 21 + -2 + (-2 - -4)).
19
24 + (-8 - (73 - 84))
27
What is (-164 - -259) + (-33 - 65)?
-3
What is -88 - (115 + (19 - 124))?
-98
-68 - ((11 - 1) + -58)
-20
Calculate -42 - (-10 - (-26 + 49 + -40 - (1 - 2))).
-48
Evaluate 8 + (-30 - -54) - (-1 - -14).
19
Calculate 0 - (-16 - (16 + -1 - 15)).
16
Calculate (7 - 7 - -21) + -30 + -30.
-39
Evaluate (-7 - -3) + -6 - (26 - -48 - (-5 - 4)).
-93
87 + 2 + 710 + -795
4
What is the value of (32 - (-11 - -51)) + (-2 - (1 - 65)) + -1?
53
Calculate (-39 + 38 - (3 + 1)) + 14 + 2.
11
What is the value of (51 - (104 - 52)) + (0 - -1 - (42 - -17))?
-59
What is 22 + -46 - (10 - 20) - (-3 + -31)?
20
What is -82 + (-27 + 6 + 10 - -20) - 12?
-85
Calculate (-2 - 22) + (6 - (20 - (-6 - -19))).
-25
What is the value of (16 - -36) + (148 - 82)?
118
What is 41 - ((36 - 35) + -9 - 8)?
57
What is (-17257 - -17270) + (1 + -2 - -18)?
30
What is 109 + -64 + 3 + -112?
-64
What is the value of (1015 - 1019) + 77 + -5?
68
What is the value of (-787 - -789) + (5 - -1) + -68?
-60
(13 + 53 - 23) + (-115 - -2)
-70
Evaluate -20 + (-43 - -68 - 18).
-13
What is 0 - ((-28 - (16 + -28)) + -28)?
44
What is (0 - 1) + 82 + 150 + -257 + 119?
93
What is the value of -14 + -44 - -150 - (-18 + -7)?
117
What is the value of -87 + (9 - (-7 - -4 - (11 + -17 - 12)))?
-93
What is the value of -17 - (12 + (57 - 93))?
7
Evaluate 2 - (9 + -20 - (-12 + (-29 - -15))).
-13
Evaluate (-92 + -1 - 1) + (-51690 - -51733).
-51
Evaluate (8 - -33) + -9 - 18.
14
Evaluate -9 - (-4 - -1) - -1 - (424 - 469).
40
What is the value of -93 - (-7 + (-5 - 3 - (5 + -8)) + -1)?
-80
-20 + 3 + -4 + 6 - (